{"id":18,"date":"2016-10-31T13:22:29","date_gmt":"2016-10-31T15:22:29","guid":{"rendered":"http:\/\/201.57.207.35\/cgtic\/?page_id=18"},"modified":"2026-04-29T13:53:45","modified_gmt":"2026-04-29T16:53:45","slug":"sobre-o-cgtic","status":"publish","type":"page","link":"https:\/\/www.cgtic.andifes.org.br\/index.php\/sobre-o-cgtic\/","title":{"rendered":"Sobre o CGTIC"},"content":{"rendered":"\t\t<div data-elementor-type=\"wp-page\" data-elementor-id=\"18\" class=\"elementor elementor-18\" data-elementor-post-type=\"page\">\n\t\t\t\t<div class=\"elementor-element elementor-element-b557276 e-flex e-con-boxed e-con e-parent\" data-id=\"b557276\" data-element_type=\"container\" data-e-type=\"container\">\n\t\t\t\t\t<div class=\"e-con-inner\">\n\t\t<div class=\"elementor-element elementor-element-86da2dd e-con-full e-flex e-con e-child\" data-id=\"86da2dd\" data-element_type=\"container\" data-e-type=\"container\">\n\t\t\t\t<div class=\"elementor-element elementor-element-1019364 elementor-widget elementor-widget-elementskit-heading\" data-id=\"1019364\" data-element_type=\"widget\" data-e-type=\"widget\" data-widget_type=\"elementskit-heading.default\">\n\t\t\t\t\t<div class=\"ekit-wid-con\" ><div class=\"ekit-heading elementskit-section-title-wraper text_left   ekit_heading_tablet-   ekit_heading_mobile-\"><h3 class=\"elementskit-section-subtitle  \">\n\t\t\t\t\t\tSobre n\u00f3s\n\t\t\t\t\t<\/h3><h2 class=\"ekit-heading--title elementskit-section-title \">Transformando a TI nas IFES<\/h2>\t\t\t\t<div class='ekit-heading__description'>\n\t\t\t\t\t<p>O Col\u00e9gio de Gestores de Tecnologia da Informa\u00e7\u00e3o e Comunica\u00e7\u00e3o (CGTIC) re\u00fane os diretores de TI de 64 Institui\u00e7\u00f5es Federais de Ensino Superior (IFES) de todo o Brasil. Criado em maio de 2006, em Bras\u00edlia, o grupo nasceu com a miss\u00e3o de assessorar a Andifes no desenvolvimento de pol\u00edticas, projetos e estrat\u00e9gias voltadas \u00e0 \u00e1rea de Tecnologia da Informa\u00e7\u00e3o e Comunica\u00e7\u00e3o, promovendo inova\u00e7\u00e3o, integra\u00e7\u00e3o e fortalecimento da gest\u00e3o tecnol\u00f3gica nas IFES.<\/p>\n\t\t\t\t<\/div>\n\t\t\t<\/div><\/div>\t\t\t\t<\/div>\n\t\t\t\t<div class=\"elementor-element elementor-element-244eab6 elementor-align-left elementor-widget__width-auto elementor-widget elementor-widget-elementskit-button\" data-id=\"244eab6\" data-element_type=\"widget\" data-e-type=\"widget\" data-widget_type=\"elementskit-button.default\">\n\t\t\t\t\t<div class=\"ekit-wid-con\" >\t\t<div class=\"ekit-btn-wraper\">\n\t\t\t\t\t\t\t<a href=\"https:\/\/www.cgtic.andifes.org.br\/index.php\/sobre-o-cgtic\/\" class=\"elementskit-btn  whitespace--normal\" id=\"\">\n\t\t\t\t\tSaber mais\t\t\t\t<\/a>\n\t\t\t\t\t<\/div>\n        <\/div>\t\t\t\t<\/div>\n\t\t\t\t<\/div>\n\t\t<div class=\"elementor-element elementor-element-5ebbccd e-con-full e-flex e-con e-child\" data-id=\"5ebbccd\" data-element_type=\"container\" data-e-type=\"container\">\n\t\t\t\t<div class=\"elementor-element elementor-element-41b9a47 elementor-widget elementor-widget-image\" data-id=\"41b9a47\" data-element_type=\"widget\" data-e-type=\"widget\" data-widget_type=\"image.default\">\n\t\t\t\t\t\t\t\t\t\t\t\t\t\t\t<img fetchpriority=\"high\" decoding=\"async\" width=\"800\" height=\"800\" src=\"https:\/\/www.cgtic.andifes.org.br\/wp-content\/uploads\/2025\/10\/Design-sem-nome-2025-10-31T214406.811-1-1024x1024.png\" class=\"attachment-large size-large wp-image-865\" alt=\"\" srcset=\"https:\/\/www.cgtic.andifes.org.br\/wp-content\/uploads\/2025\/10\/Design-sem-nome-2025-10-31T214406.811-1-1024x1024.png 1024w, https:\/\/www.cgtic.andifes.org.br\/wp-content\/uploads\/2025\/10\/Design-sem-nome-2025-10-31T214406.811-1-300x300.png 300w, https:\/\/www.cgtic.andifes.org.br\/wp-content\/uploads\/2025\/10\/Design-sem-nome-2025-10-31T214406.811-1-150x150.png 150w, https:\/\/www.cgtic.andifes.org.br\/wp-content\/uploads\/2025\/10\/Design-sem-nome-2025-10-31T214406.811-1-768x768.png 768w, https:\/\/www.cgtic.andifes.org.br\/wp-content\/uploads\/2025\/10\/Design-sem-nome-2025-10-31T214406.811-1.png 1080w\" sizes=\"(max-width: 800px) 100vw, 800px\" \/>\t\t\t\t\t\t\t\t\t\t\t\t\t\t\t<\/div>\n\t\t\t\t<\/div>\n\t\t\t\t\t<\/div>\n\t\t\t\t<\/div>\n\t\t<div class=\"elementor-element elementor-element-75ba23c e-flex e-con-boxed e-con e-parent\" data-id=\"75ba23c\" data-element_type=\"container\" data-e-type=\"container\">\n\t\t\t\t\t<div class=\"e-con-inner\">\n\t\t<div class=\"elementor-element elementor-element-8bbc049 elementor-hidden-mobile e-con-full e-flex e-con e-child\" data-id=\"8bbc049\" data-element_type=\"container\" data-e-type=\"container\">\n\t\t\t\t<div class=\"elementor-element elementor-element-2d231a2 elementor-widget elementor-widget-elementskit-heading\" data-id=\"2d231a2\" data-element_type=\"widget\" data-e-type=\"widget\" data-widget_type=\"elementskit-heading.default\">\n\t\t\t\t\t<div class=\"ekit-wid-con\" ><div class=\"ekit-heading elementskit-section-title-wraper center   ekit_heading_tablet-   ekit_heading_mobile-\"><h2 class=\"ekit-heading--title elementskit-section-title \">Nossas Atribui\u00e7\u00f5es<\/h2><div class=\"ekit_heading_separetor_wraper ekit_heading_elementskit-border-divider ekit-dotted\"><div class=\"elementskit-border-divider ekit-dotted\"><\/div><\/div>\t\t\t\t<div class='ekit-heading__description'>\n\t\t\t\t\t<p>Atuamos de maneira colaborativa e estrat\u00e9gica, garantindo que a tecnologia da informa\u00e7\u00e3o e comunica\u00e7\u00e3o fortale\u00e7a a gest\u00e3o, a inova\u00e7\u00e3o e o desenvolvimento das Institui\u00e7\u00f5es Federais de Ensino Superior.<\/p>\n\t\t\t\t<\/div>\n\t\t\t<\/div><\/div>\t\t\t\t<\/div>\n\t\t<div class=\"elementor-element elementor-element-324d152 e-con-full e-flex e-con e-child\" data-id=\"324d152\" data-element_type=\"container\" data-e-type=\"container\">\n\t\t\t\t<div class=\"elementor-element elementor-element-51e9b49 ekit-equal-height-enable elementor-widget__width-inherit elementor-widget elementor-widget-elementskit-icon-box\" data-id=\"51e9b49\" data-element_type=\"widget\" data-e-type=\"widget\" data-widget_type=\"elementskit-icon-box.default\">\n\t\t\t\t\t<div class=\"ekit-wid-con\" >        <!-- link opening -->\n                <a href=\"#\" class=\"ekit_global_links\">\n                <!-- end link opening -->\n\n        <div class=\"elementskit-infobox text-center text- icon-top-align elementor-animation-bob   \">\n                    <div class=\"elementskit-box-header elementor-animation-\">\n                <div class=\"elementskit-info-box-icon  \">\n                    <i aria-hidden=\"true\" class=\"elementkit-infobox-icon icon icon-design\"><\/i>\n                <\/div>\n          <\/div>\n                        <div class=\"box-body\">\n                            <h3 class=\"elementskit-info-box-title\">\n                    Promover estudos                <\/h3>\n                        \t\t  \t<p>Sobre temas de interesse na \u00e1rea de tecnologia da informa\u00e7\u00e3o e comunica\u00e7\u00e3o das IFES<\/p>\n                                <\/div>\n        \n        \n                <\/div>\n                <\/a>\n        <\/div>\t\t\t\t<\/div>\n\t\t\t\t<div class=\"elementor-element elementor-element-3e16d6b ekit-equal-height-enable elementor-widget__width-inherit elementor-widget elementor-widget-elementskit-icon-box\" data-id=\"3e16d6b\" data-element_type=\"widget\" data-e-type=\"widget\" data-widget_type=\"elementskit-icon-box.default\">\n\t\t\t\t\t<div class=\"ekit-wid-con\" >        <!-- link opening -->\n                <a href=\"#\" class=\"ekit_global_links\">\n                <!-- end link opening -->\n\n        <div class=\"elementskit-infobox text-center text- icon-top-align elementor-animation-bob   \">\n                    <div class=\"elementskit-box-header elementor-animation-\">\n                <div class=\"elementskit-info-box-icon  \">\n                    <i aria-hidden=\"true\" class=\"elementkit-infobox-icon icon icon-server-5\"><\/i>\n                <\/div>\n          <\/div>\n                        <div class=\"box-body\">\n                            <h3 class=\"elementskit-info-box-title\">\n                    Elaborar Demandas                <\/h3>\n                        \t\t  \t<p>Por iniciativa pr\u00f3pria, realizar estudos e projetos de desenvolvimento da \u00e1rea de Tecnologia da Informa\u00e7\u00e3o e Comunica\u00e7\u00e3o nas IFES<\/p>\n                                <\/div>\n        \n        \n                <\/div>\n                <\/a>\n        <\/div>\t\t\t\t<\/div>\n\t\t\t\t<\/div>\n\t\t<div class=\"elementor-element elementor-element-5321487 e-con-full e-flex e-con e-child\" data-id=\"5321487\" data-element_type=\"container\" data-e-type=\"container\">\n\t\t\t\t<div class=\"elementor-element elementor-element-c7d4895 elementor-widget__width-inherit ekit-equal-height-disable elementor-widget elementor-widget-elementskit-icon-box\" data-id=\"c7d4895\" data-element_type=\"widget\" data-e-type=\"widget\" data-widget_type=\"elementskit-icon-box.default\">\n\t\t\t\t\t<div class=\"ekit-wid-con\" >        <!-- link opening -->\n                <a href=\"#\" class=\"ekit_global_links\">\n                <!-- end link opening -->\n\n        <div class=\"elementskit-infobox text-center text- icon-top-align elementor-animation-bob   \">\n                    <div class=\"elementskit-box-header elementor-animation-\">\n                <div class=\"elementskit-info-box-icon  \">\n                    <i aria-hidden=\"true\" class=\"elementkit-infobox-icon icon icon-globe\"><\/i>\n                <\/div>\n          <\/div>\n                        <div class=\"box-body\">\n                            <h3 class=\"elementskit-info-box-title\">\n                     Interc\u00e2mbio de TI                <\/h3>\n                        \t\t  \t<p>Estabelecer interc\u00e2mbio com \u00f3rg\u00e3os da \u00e1rea de Tecnologia da Informa\u00e7\u00e3o e Comunica\u00e7\u00e3o.<\/p>\n                                <\/div>\n        \n        \n                <\/div>\n                <\/a>\n        <\/div>\t\t\t\t<\/div>\n\t\t\t\t<div class=\"elementor-element elementor-element-00acbf2 elementor-widget__width-inherit ekit-equal-height-disable elementor-widget elementor-widget-elementskit-icon-box\" data-id=\"00acbf2\" data-element_type=\"widget\" data-e-type=\"widget\" data-widget_type=\"elementskit-icon-box.default\">\n\t\t\t\t\t<div class=\"ekit-wid-con\" >        <!-- link opening -->\n                <a href=\"#\" class=\"ekit_global_links\">\n                <!-- end link opening -->\n\n        <div class=\"elementskit-infobox text-center text- icon-top-align elementor-animation-bob   \">\n                    <div class=\"elementskit-box-header elementor-animation-\">\n                <div class=\"elementskit-info-box-icon  \">\n                    <i aria-hidden=\"true\" class=\"elementkit-infobox-icon icon icon-communication\"><\/i>\n                <\/div>\n          <\/div>\n                        <div class=\"box-body\">\n                            <h3 class=\"elementskit-info-box-title\">\n                    Solu\u00e7\u00f5es colaborativa                <\/h3>\n                        \t\t  \t<p>Compartilhar entre as IFES problemas e, quando for poss\u00edvel, promover o desenvolvimento colaborativo de solu\u00e7\u00f5es<\/p>\n                                <\/div>\n        \n        \n                <\/div>\n                <\/a>\n        <\/div>\t\t\t\t<\/div>\n\t\t\t\t<\/div>\n\t\t\t\t<\/div>\n\t\t\t\t\t<\/div>\n\t\t\t\t<\/div>\n\t\t\t\t<\/div>\n\t\t","protected":false},"excerpt":{"rendered":"<p>Sobre n\u00f3s Transformando a TI nas IFES O Col\u00e9gio de Gestores de Tecnologia da Informa\u00e7\u00e3o e Comunica\u00e7\u00e3o (CGTIC) re\u00fane os diretores de TI de 64 Institui\u00e7\u00f5es Federais de Ensino Superior (IFES) de todo o Brasil. Criado em maio de 2006, em Bras\u00edlia, o grupo nasceu com a miss\u00e3o de assessorar a Andifes no desenvolvimento de [&hellip;]<\/p>\n","protected":false},"author":1,"featured_media":0,"parent":0,"menu_order":0,"comment_status":"closed","ping_status":"closed","template":"elementor_header_footer","meta":{"footnotes":""},"class_list":["post-18","page","type-page","status-publish","hentry"],"_links":{"self":[{"href":"https:\/\/www.cgtic.andifes.org.br\/index.php\/wp-json\/wp\/v2\/pages\/18","targetHints":{"allow":["GET"]}}],"collection":[{"href":"https:\/\/www.cgtic.andifes.org.br\/index.php\/wp-json\/wp\/v2\/pages"}],"about":[{"href":"https:\/\/www.cgtic.andifes.org.br\/index.php\/wp-json\/wp\/v2\/types\/page"}],"author":[{"embeddable":true,"href":"https:\/\/www.cgtic.andifes.org.br\/index.php\/wp-json\/wp\/v2\/users\/1"}],"replies":[{"embeddable":true,"href":"https:\/\/www.cgtic.andifes.org.br\/index.php\/wp-json\/wp\/v2\/comments?post=18"}],"version-history":[{"count":12,"href":"https:\/\/www.cgtic.andifes.org.br\/index.php\/wp-json\/wp\/v2\/pages\/18\/revisions"}],"predecessor-version":[{"id":1128,"href":"https:\/\/www.cgtic.andifes.org.br\/index.php\/wp-json\/wp\/v2\/pages\/18\/revisions\/1128"}],"wp:attachment":[{"href":"https:\/\/www.cgtic.andifes.org.br\/index.php\/wp-json\/wp\/v2\/media?parent=18"}],"curies":[{"name":"wp","href":"https:\/\/api.w.org\/{rel}","templated":true}]}}

<div data-elementor-type="wp-page" data-elementor-id="18" class="elementor elementor-18" data-elementor-post-type="page">
				<div class="elementor-element elementor-element-b557276 e-flex e-con-boxed e-con e-parent" data-id="b557276" data-element_type="container" data-e-type="container">
					<div class="e-con-inner">
		<div class="elementor-element elementor-element-86da2dd e-con-full e-flex e-con e-child" data-id="86da2dd" data-element_type="container" data-e-type="container">
				<div class="elementor-element elementor-element-1019364 elementor-widget elementor-widget-elementskit-heading" data-id="1019364" data-element_type="widget" data-e-type="widget" data-widget_type="elementskit-heading.default">
					<div class="ekit-wid-con" ><div class="ekit-heading elementskit-section-title-wraper text_left   ekit_heading_tablet-   ekit_heading_mobile-"><h3 class="elementskit-section-subtitle  ">
						Sobre nós
					</h3><h2 class="ekit-heading--title elementskit-section-title ">Transformando a TI nas IFES</h2>				<div class='ekit-heading__description'>
					<p>O Colégio de Gestores de Tecnologia da Informação e Comunicação (CGTIC) reúne os diretores de TI de 64 Instituições Federais de Ensino Superior (IFES) de todo o Brasil. Criado em maio de 2006, em Brasília, o grupo nasceu com a missão de assessorar a Andifes no desenvolvimento de políticas, projetos e estratégias voltadas à área de Tecnologia da Informação e Comunicação, promovendo inovação, integração e fortalecimento da gestão tecnológica nas IFES.</p>
				</div>
			</div></div>				</div>
				<div class="elementor-element elementor-element-244eab6 elementor-align-left elementor-widget__width-auto elementor-widget elementor-widget-elementskit-button" data-id="244eab6" data-element_type="widget" data-e-type="widget" data-widget_type="elementskit-button.default">
					<div class="ekit-wid-con" >		<div class="ekit-btn-wraper">
							<a href="https://www.cgtic.andifes.org.br/index.php/sobre-o-cgtic/" class="elementskit-btn  whitespace--normal" id="">
					Saber mais				</a>
					</div>
        </div>				</div>
				</div>
		<div class="elementor-element elementor-element-5ebbccd e-con-full e-flex e-con e-child" data-id="5ebbccd" data-element_type="container" data-e-type="container">
				<div class="elementor-element elementor-element-41b9a47 elementor-widget elementor-widget-image" data-id="41b9a47" data-element_type="widget" data-e-type="widget" data-widget_type="image.default">
															<img fetchpriority="high" decoding="async" width="800" height="800" src="https://www.cgtic.andifes.org.br/wp-content/uploads/2025/10/Design-sem-nome-2025-10-31T214406.811-1-1024x1024.png" class="attachment-large size-large wp-image-865" alt="" srcset="https://www.cgtic.andifes.org.br/wp-content/uploads/2025/10/Design-sem-nome-2025-10-31T214406.811-1-1024x1024.png 1024w, https://www.cgtic.andifes.org.br/wp-content/uploads/2025/10/Design-sem-nome-2025-10-31T214406.811-1-300x300.png 300w, https://www.cgtic.andifes.org.br/wp-content/uploads/2025/10/Design-sem-nome-2025-10-31T214406.811-1-150x150.png 150w, https://www.cgtic.andifes.org.br/wp-content/uploads/2025/10/Design-sem-nome-2025-10-31T214406.811-1-768x768.png 768w, https://www.cgtic.andifes.org.br/wp-content/uploads/2025/10/Design-sem-nome-2025-10-31T214406.811-1.png 1080w" sizes="(max-width: 800px) 100vw, 800px" />															</div>
				</div>
					</div>
				</div>
		<div class="elementor-element elementor-element-75ba23c e-flex e-con-boxed e-con e-parent" data-id="75ba23c" data-element_type="container" data-e-type="container">
					<div class="e-con-inner">
		<div class="elementor-element elementor-element-8bbc049 elementor-hidden-mobile e-con-full e-flex e-con e-child" data-id="8bbc049" data-element_type="container" data-e-type="container">
				<div class="elementor-element elementor-element-2d231a2 elementor-widget elementor-widget-elementskit-heading" data-id="2d231a2" data-element_type="widget" data-e-type="widget" data-widget_type="elementskit-heading.default">
					<div class="ekit-wid-con" ><div class="ekit-heading elementskit-section-title-wraper center   ekit_heading_tablet-   ekit_heading_mobile-"><h2 class="ekit-heading--title elementskit-section-title ">Nossas Atribuições</h2><div class="ekit_heading_separetor_wraper ekit_heading_elementskit-border-divider ekit-dotted"><div class="elementskit-border-divider ekit-dotted"></div></div>				<div class='ekit-heading__description'>
					<p>Atuamos de maneira colaborativa e estratégica, garantindo que a tecnologia da informação e comunicação fortaleça a gestão, a inovação e o desenvolvimento das Instituições Federais de Ensino Superior.</p>
				</div>
			</div></div>				</div>
		<div class="elementor-element elementor-element-324d152 e-con-full e-flex e-con e-child" data-id="324d152" data-element_type="container" data-e-type="container">
				<div class="elementor-element elementor-element-51e9b49 ekit-equal-height-enable elementor-widget__width-inherit elementor-widget elementor-widget-elementskit-icon-box" data-id="51e9b49" data-element_type="widget" data-e-type="widget" data-widget_type="elementskit-icon-box.default">
					<div class="ekit-wid-con" >        <!-- link opening -->
                <a href="#" class="ekit_global_links">
                <!-- end link opening -->

        <div class="elementskit-infobox text-center text- icon-top-align elementor-animation-bob   ">
                    <div class="elementskit-box-header elementor-animation-">
                <div class="elementskit-info-box-icon  ">
                    <i aria-hidden="true" class="elementkit-infobox-icon icon icon-design"></i>
                </div>
          </div>
                        <div class="box-body">
                            <h3 class="elementskit-info-box-title">
                    Promover estudos                </h3>
                        		  	<p>Sobre temas de interesse na área de tecnologia da informação e comunicação das IFES</p>
                                </div>
        
        
                </div>
                </a>
        </div>				</div>
				<div class="elementor-element elementor-element-3e16d6b ekit-equal-height-enable elementor-widget__width-inherit elementor-widget elementor-widget-elementskit-icon-box" data-id="3e16d6b" data-element_type="widget" data-e-type="widget" data-widget_type="elementskit-icon-box.default">
					<div class="ekit-wid-con" >        <!-- link opening -->
                <a href="#" class="ekit_global_links">
                <!-- end link opening -->

        <div class="elementskit-infobox text-center text- icon-top-align elementor-animation-bob   ">
                    <div class="elementskit-box-header elementor-animation-">
                <div class="elementskit-info-box-icon  ">
                    <i aria-hidden="true" class="elementkit-infobox-icon icon icon-server-5"></i>
                </div>
          </div>
                        <div class="box-body">
                            <h3 class="elementskit-info-box-title">
                    Elaborar Demandas                </h3>
                        		  	<p>Por iniciativa própria, realizar estudos e projetos de desenvolvimento da área de Tecnologia da Informação e Comunicação nas IFES</p>
                                </div>
        
        
                </div>
                </a>
        </div>				</div>
				</div>
		<div class="elementor-element elementor-element-5321487 e-con-full e-flex e-con e-child" data-id="5321487" data-element_type="container" data-e-type="container">
				<div class="elementor-element elementor-element-c7d4895 elementor-widget__width-inherit ekit-equal-height-disable elementor-widget elementor-widget-elementskit-icon-box" data-id="c7d4895" data-element_type="widget" data-e-type="widget" data-widget_type="elementskit-icon-box.default">
					<div class="ekit-wid-con" >        <!-- link opening -->
                <a href="#" class="ekit_global_links">
                <!-- end link opening -->

        <div class="elementskit-infobox text-center text- icon-top-align elementor-animation-bob   ">
                    <div class="elementskit-box-header elementor-animation-">
                <div class="elementskit-info-box-icon  ">
                    <i aria-hidden="true" class="elementkit-infobox-icon icon icon-globe"></i>
                </div>
          </div>
                        <div class="box-body">
                            <h3 class="elementskit-info-box-title">
                     Intercâmbio de TI                </h3>
                        		  	<p>Estabelecer intercâmbio com órgãos da área de Tecnologia da Informação e Comunicação.</p>
                                </div>
        
        
                </div>
                </a>
        </div>				</div>
				<div class="elementor-element elementor-element-00acbf2 elementor-widget__width-inherit ekit-equal-height-disable elementor-widget elementor-widget-elementskit-icon-box" data-id="00acbf2" data-element_type="widget" data-e-type="widget" data-widget_type="elementskit-icon-box.default">
					<div class="ekit-wid-con" >        <!-- link opening -->
                <a href="#" class="ekit_global_links">
                <!-- end link opening -->

        <div class="elementskit-infobox text-center text- icon-top-align elementor-animation-bob   ">
                    <div class="elementskit-box-header elementor-animation-">
                <div class="elementskit-info-box-icon  ">
                    <i aria-hidden="true" class="elementkit-infobox-icon icon icon-communication"></i>
                </div>
          </div>
                        <div class="box-body">
                            <h3 class="elementskit-info-box-title">
                    Soluções colaborativa                </h3>
                        		  	<p>Compartilhar entre as IFES problemas e, quando for possível, promover o desenvolvimento colaborativo de soluções</p>
                                </div>
        
        
                </div>
                </a>
        </div>				</div>
				</div>
				</div>
					</div>
				</div>
				</div>

<p>Sobre nós Transformando a TI nas IFES O Colégio de Gestores de Tecnologia da Informação e Comunicação (CGTIC) reúne os diretores de TI de 64 Instituições Federais de Ensino Superior (IFES) de todo o Brasil. Criado em maio de 2006, em Brasília, o grupo nasceu com a missão de assessorar a Andifes no desenvolvimento de [&hellip;]</p>
