{"id":327,"date":"2019-05-15T19:29:58","date_gmt":"2019-05-15T22:29:58","guid":{"rendered":"http:\/\/www.cgtic.andifes.org.br\/?page_id=327"},"modified":"2026-04-29T13:50:15","modified_gmt":"2026-04-29T16:50:15","slug":"wticifes-anais","status":"publish","type":"page","link":"https:\/\/www.cgtic.andifes.org.br\/index.php\/wticifes-anais\/","title":{"rendered":"Anais dos WTICIFES"},"content":{"rendered":"\t\t<div data-elementor-type=\"wp-page\" data-elementor-id=\"327\" class=\"elementor elementor-327\" data-elementor-post-type=\"page\">\n\t\t\t\t<div class=\"elementor-element elementor-element-9072fff e-flex e-con-boxed e-con e-parent\" data-id=\"9072fff\" data-element_type=\"container\" data-e-type=\"container\" data-settings=\"{&quot;background_background&quot;:&quot;classic&quot;}\">\n\t\t\t\t\t<div class=\"e-con-inner\">\n\t\t\t\t<div class=\"elementor-element elementor-element-9fe9312 elementor-widget elementor-widget-elementskit-heading\" data-id=\"9fe9312\" data-element_type=\"widget\" data-e-type=\"widget\" data-widget_type=\"elementskit-heading.default\">\n\t\t\t\t\t<div class=\"ekit-wid-con\" ><div class=\"ekit-heading elementskit-section-title-wraper center   ekit_heading_tablet-   ekit_heading_mobile-\"><h2 class=\"ekit-heading--title elementskit-section-title \">Reposit\u00f3rio WTICIFES<\/h2>\t\t\t\t<div class='ekit-heading__description'>\n\t\t\t\t\t<p>Re\u00fane os materiais, apresenta\u00e7\u00f5es e publica\u00e7\u00f5es das edi\u00e7\u00f5es do WTICIFES, preservando o conhecimento e as experi\u00eancias compartilhadas pelos gestores e profissionais de TI das IFES<\/p>\n\t\t\t\t<\/div>\n\t\t\t<\/div><\/div>\t\t\t\t<\/div>\n\t\t\t\t\t<\/div>\n\t\t\t\t<\/div>\n\t\t<div class=\"elementor-element elementor-element-2c7fa7e1 e-flex e-con-boxed e-con e-parent\" data-id=\"2c7fa7e1\" data-element_type=\"container\" data-e-type=\"container\">\n\t\t\t\t\t<div class=\"e-con-inner\">\n\t\t\t\t<div class=\"elementor-element elementor-element-3889144 elementor-align-center elementor-widget elementor-widget-button\" data-id=\"3889144\" data-element_type=\"widget\" data-e-type=\"widget\" data-widget_type=\"button.default\">\n\t\t\t\t\t\t\t\t\t\t<a class=\"elementor-button elementor-button-link elementor-size-sm\" href=\"https:\/\/repositorio.wticifes.com.br\/\">\n\t\t\t\t\t\t<span class=\"elementor-button-content-wrapper\">\n\t\t\t\t\t\t\t\t\t<span class=\"elementor-button-text\">Acesse a base de Artigos de todas as Edi\u00e7\u00f5es <\/span>\n\t\t\t\t\t<\/span>\n\t\t\t\t\t<\/a>\n\t\t\t\t\t\t\t\t<\/div>\n\t\t\t\t\t<\/div>\n\t\t\t\t<\/div>\n\t\t\t\t<\/div>\n\t\t","protected":false},"excerpt":{"rendered":"<p>Reposit\u00f3rio WTICIFES Re\u00fane os materiais, apresenta\u00e7\u00f5es e publica\u00e7\u00f5es das edi\u00e7\u00f5es do WTICIFES, preservando o conhecimento e as experi\u00eancias compartilhadas pelos gestores e profissionais de TI das IFES Acesse a base de Artigos de todas as Edi\u00e7\u00f5es<\/p>\n","protected":false},"author":7,"featured_media":0,"parent":0,"menu_order":0,"comment_status":"closed","ping_status":"closed","template":"elementor_header_footer","meta":{"footnotes":""},"class_list":["post-327","page","type-page","status-publish","hentry"],"_links":{"self":[{"href":"https:\/\/www.cgtic.andifes.org.br\/index.php\/wp-json\/wp\/v2\/pages\/327","targetHints":{"allow":["GET"]}}],"collection":[{"href":"https:\/\/www.cgtic.andifes.org.br\/index.php\/wp-json\/wp\/v2\/pages"}],"about":[{"href":"https:\/\/www.cgtic.andifes.org.br\/index.php\/wp-json\/wp\/v2\/types\/page"}],"author":[{"embeddable":true,"href":"https:\/\/www.cgtic.andifes.org.br\/index.php\/wp-json\/wp\/v2\/users\/7"}],"replies":[{"embeddable":true,"href":"https:\/\/www.cgtic.andifes.org.br\/index.php\/wp-json\/wp\/v2\/comments?post=327"}],"version-history":[{"count":26,"href":"https:\/\/www.cgtic.andifes.org.br\/index.php\/wp-json\/wp\/v2\/pages\/327\/revisions"}],"predecessor-version":[{"id":1109,"href":"https:\/\/www.cgtic.andifes.org.br\/index.php\/wp-json\/wp\/v2\/pages\/327\/revisions\/1109"}],"wp:attachment":[{"href":"https:\/\/www.cgtic.andifes.org.br\/index.php\/wp-json\/wp\/v2\/media?parent=327"}],"curies":[{"name":"wp","href":"https:\/\/api.w.org\/{rel}","templated":true}]}}